8 - -1?
49
In base 5, what is -10 + -230?
-240
In base 14, what is 1 - 858?
-857
In base 7, what is -5 + -62?
-100
In base 9, what is 4 + -1217?
-1213
In base 6, what is -4 - -13423?
13415
In base 7, what is 45301 + 2?
45303
In base 10, what is -5 - -31?
26
In base 12, what is 230 - 8?
224
In base 13, what is -11b4 + 4?
-11b0
In base 2, what is 1100 + 1010100110?
1010110010
In base 12, what is -1 - -227?
226
In base 8, what is -30 - -665?
635
In base 12, what is 1002 + -1?
1001
In base 4, what is 12031 - 1101?
10330
In base 2, what is 11001 - 1010?
1111
In base 16, what is -1 - 1da?
-1db
In base 12, what is b + -17?
-8
In base 7, what is 150 + 3?
153
In base 4, what is 13 + -1312?
-1233
In base 14, what is cc + -1?
cb
In base 7, what is 62 - 36?
23
In base 10, what is 11 - 20?
-9
In base 13, what is b61b + 2?
b620
In base 3, what is -12022 + 10?
-12012
In base 16, what is -51 + 1?
-50
In base 12, what is 5 + -4b?
-46
In base 8, what is -3 + -433?
-436
In base 15, what is -9e + 0?
-9e
In base 15, what is 5 + 9?
e
In base 8, what is 12 + -123?
-111
In base 15, what is b - 2?
9
In base 5, what is -1113314 - 1?
-1113320
In base 4, what is -100 - 31?
-131
In base 2, what is -100 + 100?
0
In base 11, what is -8 - -7a?
72
In base 14, what is 2c3 + 2?
2c5
In base 10, what is -894 - 0?
-894
In base 6, what is -25504 - 1?
-25505
In base 4, what is -11320 - -3?
-11311
In base 16, what is f9 - -2?
fb
In base 4, what is 0 + -211?
-211
In base 12, what is -2 - 7?
-9
In base 11, what is 1 + -2288?
-2287
In base 6, what is 3 + -52?
-45
In base 7, what is -324 + 20?
-304
In base 8, what is 104 - -21?
125
In base 16, what is 6 - -1?
7
In base 11, what is 5 - 13a2?
-1398
In base 16, what is 27a - 1?
279
In base 16, what is -7a + 4?
-76
In base 10, what is -3 + -5?
-8
In base 13, what is 3 - 2c?
-29
In base 9, what is -6844 + 5?
-6838
In base 11, what is 13 - 0?
13
In base 14, what is -9 + 562?
557
In base 3, what is 20011 + -1202?
11102
In base 5, what is 10 - 343?
-333
In base 9, what is 270 + 0?
270
In base 6, what is 110 + 4?
114
In base 13, what is -2 - -537?
535
In base 3, what is 201012110 + -12?
201012021
In base 2, what is 1101100001 + 11?
1101100100
In base 4, what is 310 + -1211?
-301
In base 8, what is 32046 - 1?
32045
In base 13, what is -4 + -14?
-18
In base 6, what is 3 - -1?
4
In base 9, what is 0 + -28?
-28
In base 11, what is 3 + 116?
119
In base 9, what is -26 - -1?
-25
In base 3, what is -12101011 + -2?
-12101020
In base 8, what is 25 - -707?
734
In base 12, what is -3 + -8a3?
-8a6
In base 16, what is 3 + -3b?
-38
In base 13, what is -103 - -2?
-101
In base 14, what is 2364 + 2?
2366
In base 3, what is -11121 + 2010?
-2111
In base 16, what is -4 + -129e?
-12a2
In base 5, what is 10 - -1311?
1321
In base 14, what is -1a - 124?
-140
In base 13, what is -21 + 14?
-a
In base 10, what is -4 + -46?
-50
In base 12, what is -3a + 17?
-23
In base 6, what is -5 + 13241?
13232
In base 14, what is -29 - -11?
-18
In base 14, what is 117 - c?
109
In base 7, what is -2 - 160?
-162
In base 7, what is 1 - 46?
-45
In base 11, what is -4 - -115?
111
In base 11, what is -4 + 3947?
3943
In base 14, what is -16d - 60?
-1cd
In base 9, what is 1303 + -37?
1255
In base 16, what is -633 + 0?
-633
In base 2, what is 10001011 + 111?
10010010
In base 10, what is 28 + 113?
141
In base 12, what is -5 - 35?
-3a
In base 13, what is -9c - -16?
-86
In base 7, what is -10 - 2?
-12
In base 11, what is 205 - 10?
1a5
In base 16, what is -b - 16?
-21
In base 6, what is -3 + -3314?
-3321
In base 9, what is -4 + 1252?
1247
In base 14, what is 8 - -48?
52
In base 7, what is -54 + 422?
335
In base 2, what is -1011 + -101001?
-110100
In base 7, what is 12 + 310?
322
In base 5, what is -2031 - -14?
-2012
In base 6, what is 352 + 103?
455
In base 16, what is -5 - -b0?
ab
In base 3, what is 2220 - -12101?
22021
In base 6, what is -3422 - -2?
-3420
In base 9, what is 271 + -25?
245
In base 3, what is -2120222 - -12?
-2120210
In base 6, what is -2 - -14444?
14442
In base 5, what is -3 + -1430?
-1433
In base 9, what is -511 + 5?
-505
In base 5, what is 22 + 4102?
4124
In base 7, what is -12 + 34?
22
In base 2, what is 10 + 10000101100?
10000101110
In base 11, what is -550 - -a?
-541
In base 14, what is -2 + -b?
-d
In base 15, what is 2 + 25?
27
In base 15, what is -b8 + 2?
-b6
In base 5, what is -110143 + 1?
-110142
In base 10, what is -17 - 9?
-26
In base 6, what is -115 + 1144?
1025
In base 4, what is 3202 + 1000?
10202
In base 4, what is 202112 - -20?
202132
In base 14, what is -12 + -12?
-24
In base 5, what is 2 + 101440?
101442
In base 16, what is -29 - 3?
-2c
In base 12, what is 5 - b12?
-b09
In base 2, what is -100 + -1100001?
-1100101
In base 16, what is 35 + 5?
3a
In base 6, what is 4 - 12403?
-12355
In base 9, what is 3480 + -2?
3477
In base 7, what is -3 + 32?
26
In base 16, what is -56 + -123?
-179
In base 15, what is 6a98 + -2?
6a96
In base 2, what is 110010101111 - -100?
110010110011
In base 8, what is 6 + 5?
13
In base 8, what is -256 - 7?
-265
In base 7, what is -156 - 2?
-161
In base 11, what is a9 - 11?
98
In base 7, what is 14 + 116?
133
In base 6, what is -42 - 2345?
-2431
In base 6, what is 341 - 2?
335
In base 6, what is -132 - -5?
-123
In base 13, what is a8 - 4?
a4
In base 4, what is -2110133 + 11?
-2110122
In base 6, what is -144 - 332?
-520
In base 3, what is 1 + 1122?
1200
In base 8, what is -10771 - -3?
-10766
In base 7, what is 110 - 5?
102
In base 13, what is 4 - -ca?
101
In base 3, what is -12 - -2020?
2001
In base 11, what is 145 + -22?
123
In base 15, what is -12 + -1a?
-2c
In base 16, what is 6 + 9?
f
In base 16, what is -2f + -e3?
-112
In base 3, what is -1221111 - 12?
-1221200
In base 10, what is -817 + 0?
-817
In base 5, what is -1200 - 13?
-1213
In base 13, what is 1 - -2b9b?
2b9c
In base 4, what is 0 - 30121?
-30121
In base 11, what is 18 - -12a?
147
In base 13, what is -540 - 3?
-543
In base 4, what is -31 + 13?
-12
In base 14, what is 90 - 2?
8c
In base 2, what is 101 + -101100?
-100111
In base 5, what is 4 + 41144?
41203
In base 12, what is -6 + 193?
189
In base 3, what is -12 - 100021?
-100110
In base 7, what is -3 - -243?
240
In base 6, what is -1055 - 4?
-1103
In base 9, what is 1 - -140?
141
In base 15, what is -9 + 979?
970
In base 12, what is 350 - 6?
346
In base 11, what is -98 + -1?
-99
In base 10, what is 13 - -140?
153
In base 13, what is -16 - -409?
3c3
In base 13, what is 5 - 2a5?
-2a0
In base 2, what is -11001101110 + -100?
-11001110010
In base 4, what is -3 - 11?
-20
In base 15, what is 340 - 12?
32d
In base 10, what is 54 - -7?
61
In base 9, what is -483 + -4?
-487
In base 12, what is 4b + -29?
22
In base 3, what is -200 - -10120?
2220
In base 14, what is 1 - a95?
-a94
In base 6, what is -5155 - -2?
-5153
In base 12, what is 7 + -3a0?
-395
In base 13, what is 1486 - 0?
1486
In base 3, what is -1202 - 1100?
-10002
In base 6, what is 21503 - 1?
21502
In base 15, what is -100 - 1a?
-11a
In base 10, what is -32510 - 5?
-32515
In base 13, what is -3 + 18?
15
In base 15, what is -1 - -2dd?
2dc
In base 16, what is -25 - 21?
-46
In base 4, what is 112 + 12?
130
In base 16, what is 582 - -3?
585
In base 14, what is 34 + 5?
39
In base 4, what is 3 - 12110?
-12101
In base 15, what is -5 + -c3?
-c8
In base 16, what is -1 + -fd?
-fe
In base 12, what is -279 + -77?
-334
In base 2, what is -1100 + 10111101100?
10111100000
In base 9, what is -10277 - -1?
-10276
In base 8, what is -30 + 15?
-13
In base 6, what is 2040 - -4?
2044
In base 10, what is -5 + -84?
-89
In base 10, what is -2 + -1013?
-1015
In base 12, what is -701 - 0?
-701
In base 5, what is 1132 + 14?
1201
In base 3, what is 2 + -2121200?
-2121121
In base 11, what is -31 - 156?
-187
In base 12, what is 2b - -71?
a0
In base 9, what is -5 + 1157?
1152
In base 12, what is -1 + 3a?
39
In base 14, what is 4 - 927?
-923
In base 16, what is b - 3a5?
-39a
In base 12, what is 5 + 711?
716
In base 3, what is -211 + 2?
-202
In base 8, what is -16 + -146?
-164
In base 10, what is -6 - 30?
-36
In base 13, what is 5 + 1284?
1289
In base 10, what is 71 - -2?
73
In base 14, what is -3 - 30?
-33
In base 2, what is 1010010 + 11?
1010101
In base 12, what is -22a2 - 0?
-22a2
In base 13, what is 53 + 3b?
91
